{"id":2087,"date":"2025-06-06T14:08:15","date_gmt":"2025-06-06T12:08:15","guid":{"rendered":"https:\/\/www.kolpingsfamilie-neunkirchen.de\/?post_type=tribe_events&#038;p=2087"},"modified":"2025-06-06T14:08:16","modified_gmt":"2025-06-06T12:08:16","slug":"pfarrfest","status":"publish","type":"tribe_events","link":"https:\/\/www.kolpingsfamilie-neunkirchen.de\/index.php\/event\/pfarrfest\/","title":{"rendered":"Pfarrfest"},"content":{"rendered":"<div  class=\"tribe-events-schedule tribe-clearfix\" >\n\t<p class=\"tribe-events-schedule__datetime\">\n\t\t<span class=\"tribe-events-schedule__date tribe-events-schedule__date--start\">\n\t\t\t19. Juni 2025\t\t<\/span>\n\n\t\t\t\t\t<span class=\"tribe-events-schedule__separator tribe-events-schedule__separator--date\">\n\t\t\t\t | \t\t\t<\/span>\n\t\t\t<span class=\"tribe-events-schedule__time tribe-events-schedule__time--start\">\n\t\t\t\t8:00\t\t\t<\/span>\n\t\t\n\t\t\t\t\t\t\t\t\t<span class=\"tribe-events-schedule__separator tribe-events-schedule__separator--time\">\n\t\t\t\t\t &#8211; \t\t\t\t<\/span>\n\t\t\t\n\t\t\t\t\t\t\t<span class=\"tribe-events-schedule__time tribe-events-schedule__time--end\">\n\t\t\t\t\t23:30\t\t\t\t<\/span>\n\t\t\t\n\t\t\t\t\t\t<\/p>\n<\/div>\n\n\n\n<p>8.00 UHR EUCHARISTIEFEIER UND PROZESSION<\/p>\n\n\n\n<p>anschlie\u00dfend am Pfarrgemeindehaus FR\u00dcHSCHOPPEN<\/p>\n\n\n\n<p>AB 15.00 UHR PFARRFEST<\/p>\n\n\n\n<p>Wir verw\u00f6hnen Sie mit Kaffee und Kuchen, Bratw\u00fcrsten mit Beilagen und Getr\u00e4nken.<\/p>\n\n\n\n<p>Wie jedes Jahr bitten wir wieder um Kuchenspenden, die ab 13.00 Uhr im Pfarrgemeindehaus Adolph Kolping abgegeben werden k\u00f6nnen.<\/p>\n\n\n\n<figure class=\"wp-block-image size-large\"><img loading=\"lazy\" decoding=\"async\" width=\"723\" height=\"1024\" src=\"https:\/\/www.kolpingsfamilie-neunkirchen.de\/wp-content\/uploads\/2025\/06\/Plakat-Pfarrfest-2025-723x1024.jpg\" alt=\"\" class=\"wp-image-2088\" srcset=\"https:\/\/www.kolpingsfamilie-neunkirchen.de\/wp-content\/uploads\/2025\/06\/Plakat-Pfarrfest-2025-723x1024.jpg 723w, https:\/\/www.kolpingsfamilie-neunkirchen.de\/wp-content\/uploads\/2025\/06\/Plakat-Pfarrfest-2025-212x300.jpg 212w, https:\/\/www.kolpingsfamilie-neunkirchen.de\/wp-content\/uploads\/2025\/06\/Plakat-Pfarrfest-2025.jpg 763w\" sizes=\"auto, (max-width: 723px) 100vw, 723px\" \/><\/figure>\n\n\n<div  class=\"tribe-block tribe-block__event-price\" >\n\t\t<\/div>\n\n\n\n\n<div  class=\"tribe-block tribe-block__venue tribe-clearfix\" >\n\t\n\t\t\n\t<\/div>\n\n\n\n\n\t<div  class=\"tribe-block tribe-block__events-link\" >\n\t\t<div class=\"tribe-events tribe-common\">\n\t\t\t<div class=\"tribe-events-c-subscribe-dropdown__container\">\n\t\t\t\t<div class=\"tribe-events-c-subscribe-dropdown\">\n\t\t\t\t\t<div class=\"tribe-common-c-btn-border tribe-events-c-subscribe-dropdown__button\">\n\t\t\t\t\t\t<svg\n\t class=\"tribe-common-c-svgicon tribe-common-c-svgicon--cal-export tribe-events-c-subscribe-dropdown__export-icon\" \taria-hidden=\"true\"\n\tviewBox=\"0 0 23 17\"\n\txmlns=\"http:\/\/www.w3.org\/2000\/svg\"\n>\n\t<path fill-rule=\"evenodd\" clip-rule=\"evenodd\" d=\"M.128.896V16.13c0 .211.145.383.323.383h15.354c.179 0 .323-.172.323-.383V.896c0-.212-.144-.383-.323-.383H.451C.273.513.128.684.128.896Zm16 6.742h-.901V4.679H1.009v10.729h14.218v-3.336h.901V7.638ZM1.01 1.614h14.218v2.058H1.009V1.614Z\" \/>\n\t<path d=\"M20.5 9.846H8.312M18.524 6.953l2.89 2.909-2.855 2.855\" stroke-width=\"1.2\" stroke-linecap=\"round\" stroke-linejoin=\"round\"\/>\n<\/svg>\n\t\t\t\t\t\t<button\n\t\t\t\t\t\t\tclass=\"tribe-events-c-subscribe-dropdown__button-text\"\n\t\t\t\t\t\t\taria-expanded=\"false\"\n\t\t\t\t\t\t\taria-controls=\"tribe-events-subscribe-dropdown-content\"\n\t\t\t\t\t\t\taria-label=\"Zeige Links an um Veranstaltungen zu deinem Kalender hinzuzuf\u00fcgen\"\n\t\t\t\t\t\t>\n\t\t\t\t\t\t\tZum Kalender hinzuf\u00fcgen\t\t\t\t\t\t<\/button>\n\t\t\t\t\t\t<svg\n\t class=\"tribe-common-c-svgicon tribe-common-c-svgicon--caret-down tribe-events-c-subscribe-dropdown__button-icon\" \taria-hidden=\"true\"\n\tviewBox=\"0 0 10 7\"\n\txmlns=\"http:\/\/www.w3.org\/2000\/svg\"\n>\n\t<path fill-rule=\"evenodd\" clip-rule=\"evenodd\" d=\"M1.008.609L5 4.6 8.992.61l.958.958L5 6.517.05 1.566l.958-.958z\" class=\"tribe-common-c-svgicon__svg-fill\"\/>\n<\/svg>\n\t\t\t\t\t<\/div>\n\t\t\t\t\t<div id=\"tribe-events-subscribe-dropdown-content\" class=\"tribe-events-c-subscribe-dropdown__content\">\n\t\t\t\t\t\t<ul class=\"tribe-events-c-subscribe-dropdown__list\">\n\t\t\t\t\t\t\t\t\t\t\t\t\t\t\t<li class=\"tribe-events-c-subscribe-dropdown__list-item tribe-events-c-subscribe-dropdown__list-item--gcal\">\n\t\t\t\t\t\t\t\t\t<a\n\t\t\t\t\t\t\t\t\t\thref=\"https:\/\/www.google.com\/calendar\/event?action=TEMPLATE&#038;dates=20250619T080000\/20250619T233000&#038;text=Pfarrfest&#038;details=%3Cp%3E8.00+UHR+EUCHARISTIEFEIER+UND+PROZESSION%3C%2Fp%3E+%3Cp%3Eanschlie%C3%9Fend+am+Pfarrgemeindehaus+FR%C3%9CHSCHOPPEN%3C%2Fp%3E+%3Cp%3EAB+15.00+UHR+PFARRFEST%3C%2Fp%3E+%3Cp%3EWir+verw%C3%B6hnen+Sie+mit+Kaffee+und+Kuchen%2C+Bratw%C3%BCrsten+mit+Beilagen+und+Getr%C3%A4nken.%3C%2Fp%3E+%3Cp%3EWie+jedes+Jahr+bitten+wir+wieder+um+Kuchenspenden%2C+die+ab+13.00+Uhr+im+Pfarrgemeindehaus+Adolph+Kolping+abgegeben+werden+k%C3%B6nnen.%3C%2Fp%3E+%3Cfigure+class%3D%22wp-block-image+size-large%22%3E%3Cimg+src%3D%22https%3A%2F%2Fwww.kolpingsfamilie-neunkirchen.de%2Fwp-content%2Fuploads%2F2025%2F06%2FPlakat-Pfarrfest-2025-723x1024.jpg%22+alt%3D%22%22+class%3D%22wp-image-2088%22%2F%3E%3C%2Ffigure%3E&#038;trp=false&#038;ctz=Europe\/Berlin&#038;sprop=website:https:\/\/www.kolpingsfamilie-neunkirchen.de\"\n\t\t\t\t\t\t\t\t\t\tclass=\"tribe-events-c-subscribe-dropdown__list-item-link\"\n\t\t\t\t\t\t\t\t\t\ttarget=\"_blank\"\n\t\t\t\t\t\t\t\t\t\trel=\"noopener noreferrer nofollow noindex\"\n\t\t\t\t\t\t\t\t\t>\n\t\t\t\t\t\t\t\t\t\tGoogle Kalender\t\t\t\t\t\t\t\t\t<\/a>\n\t\t\t\t\t\t\t\t<\/li>\n\t\t\t\t\t\t\t\t\t\t\t\t\t\t\t<li class=\"tribe-events-c-subscribe-dropdown__list-item tribe-events-c-subscribe-dropdown__list-item--ical\">\n\t\t\t\t\t\t\t\t\t<a\n\t\t\t\t\t\t\t\t\t\thref=\"\"\n\t\t\t\t\t\t\t\t\t\tclass=\"tribe-events-c-subscribe-dropdown__list-item-link\"\n\t\t\t\t\t\t\t\t\t\ttarget=\"_blank\"\n\t\t\t\t\t\t\t\t\t\trel=\"noopener noreferrer nofollow noindex\"\n\t\t\t\t\t\t\t\t\t>\n\t\t\t\t\t\t\t\t\t\tiCalendar\t\t\t\t\t\t\t\t\t<\/a>\n\t\t\t\t\t\t\t\t<\/li>\n\t\t\t\t\t\t\t\t\t\t\t\t\t\t\t<li class=\"tribe-events-c-subscribe-dropdown__list-item tribe-events-c-subscribe-dropdown__list-item--outlook-365\">\n\t\t\t\t\t\t\t\t\t<a\n\t\t\t\t\t\t\t\t\t\thref=\"\"\n\t\t\t\t\t\t\t\t\t\tclass=\"tribe-events-c-subscribe-dropdown__list-item-link\"\n\t\t\t\t\t\t\t\t\t\ttarget=\"_blank\"\n\t\t\t\t\t\t\t\t\t\trel=\"noopener noreferrer nofollow noindex\"\n\t\t\t\t\t\t\t\t\t>\n\t\t\t\t\t\t\t\t\t\tOutlook 365\t\t\t\t\t\t\t\t\t<\/a>\n\t\t\t\t\t\t\t\t<\/li>\n\t\t\t\t\t\t\t\t\t\t\t\t\t\t\t<li class=\"tribe-events-c-subscribe-dropdown__list-item tribe-events-c-subscribe-dropdown__list-item--outlook-live\">\n\t\t\t\t\t\t\t\t\t<a\n\t\t\t\t\t\t\t\t\t\thref=\"\"\n\t\t\t\t\t\t\t\t\t\tclass=\"tribe-events-c-subscribe-dropdown__list-item-link\"\n\t\t\t\t\t\t\t\t\t\ttarget=\"_blank\"\n\t\t\t\t\t\t\t\t\t\trel=\"noopener noreferrer nofollow noindex\"\n\t\t\t\t\t\t\t\t\t>\n\t\t\t\t\t\t\t\t\t\tOutlook Live\t\t\t\t\t\t\t\t\t<\/a>\n\t\t\t\t\t\t\t\t<\/li>\n\t\t\t\t\t\t\t\t\t\t\t\t\t<\/ul>\n\t\t\t\t\t<\/div>\n\t\t\t\t<\/div>\n\t\t\t<\/div>\n\t\t<\/div>\n\t<\/div>\n\n","protected":false},"excerpt":{"rendered":"<p>8.00 UHR EUCHARISTIEFEIER UND PROZESSION anschlie\u00dfend am Pfarrgemeindehaus FR\u00dcHSCHOPPEN AB 15.00 UHR PFARRFEST Wir verw\u00f6hnen Sie mit Kaffee und Kuchen, Bratw\u00fcrsten mit Beilagen und Getr\u00e4nken. Wie jedes Jahr bitten wir [&hellip;]<\/p>\n","protected":false},"author":1,"featured_media":0,"template":"","meta":{"_editorskit_title_hidden":false,"_editorskit_reading_time":0,"_editorskit_is_block_options_detached":false,"_editorskit_block_options_position":"{}","_uag_custom_page_level_css":"","_EventAllDay":false,"_EventTimezone":"Europe\/Berlin","_EventStartDate":"2025-06-19 08:00:00","_EventEndDate":"2025-06-19 23:30:00","_EventStartDateUTC":"2025-06-19 06:00:00","_EventEndDateUTC":"2025-06-19 21:30:00","_EventShowMap":false,"_EventShowMapLink":false,"_EventURL":"","_EventCost":"","_EventCostDescription":"","_EventCurrencySymbol":"\u20ac","_EventCurrencyCode":"USD","_EventCurrencyPosition":"prefix","_EventDateTimeSeparator":" | ","_EventTimeRangeSeparator":" - ","_EventOrganizerID":[],"_EventVenueID":[],"_OrganizerEmail":"","_OrganizerPhone":"","_OrganizerWebsite":"","_VenueAddress":"","_VenueCity":"","_VenueCountry":"","_VenueProvince":"","_VenueState":"","_VenueZip":"","_VenuePhone":"","_VenueURL":"","_VenueStateProvince":"","_VenueLat":"","_VenueLng":"","_VenueShowMap":false,"_VenueShowMapLink":false,"_tribe_events_status":"","_tribe_events_status_reason":"","footnotes":""},"tags":[],"tribe_events_cat":[],"class_list":["post-2087","tribe_events","type-tribe_events","status-publish","hentry"],"uagb_featured_image_src":{"full":false,"thumbnail":false,"medium":false,"medium_large":false,"large":false,"1536x1536":false,"2048x2048":false,"reveal-homepage-thumb":false},"uagb_author_info":{"display_name":"markus","author_link":"https:\/\/www.kolpingsfamilie-neunkirchen.de\/index.php\/author\/markus\/"},"uagb_comment_info":0,"uagb_excerpt":"8.00 UHR EUCHARISTIEFEIER UND PROZESSION anschlie\u00dfend am Pfarrgemeindehaus FR\u00dcHSCHOPPEN AB 15.00 UHR PFARRFEST Wir verw\u00f6hnen Sie mit Kaffee und Kuchen, Bratw\u00fcrsten mit Beilagen und Getr\u00e4nken. Wie jedes Jahr bitten wir [&hellip;]","_links":{"self":[{"href":"https:\/\/www.kolpingsfamilie-neunkirchen.de\/index.php\/wp-json\/wp\/v2\/tribe_events\/2087","targetHints":{"allow":["GET"]}}],"collection":[{"href":"https:\/\/www.kolpingsfamilie-neunkirchen.de\/index.php\/wp-json\/wp\/v2\/tribe_events"}],"about":[{"href":"https:\/\/www.kolpingsfamilie-neunkirchen.de\/index.php\/wp-json\/wp\/v2\/types\/tribe_events"}],"author":[{"embeddable":true,"href":"https:\/\/www.kolpingsfamilie-neunkirchen.de\/index.php\/wp-json\/wp\/v2\/users\/1"}],"version-history":[{"count":1,"href":"https:\/\/www.kolpingsfamilie-neunkirchen.de\/index.php\/wp-json\/wp\/v2\/tribe_events\/2087\/revisions"}],"predecessor-version":[{"id":2089,"href":"https:\/\/www.kolpingsfamilie-neunkirchen.de\/index.php\/wp-json\/wp\/v2\/tribe_events\/2087\/revisions\/2089"}],"wp:attachment":[{"href":"https:\/\/www.kolpingsfamilie-neunkirchen.de\/index.php\/wp-json\/wp\/v2\/media?parent=2087"}],"wp:term":[{"taxonomy":"post_tag","embeddable":true,"href":"https:\/\/www.kolpingsfamilie-neunkirchen.de\/index.php\/wp-json\/wp\/v2\/tags?post=2087"},{"taxonomy":"tribe_events_cat","embeddable":true,"href":"https:\/\/www.kolpingsfamilie-neunkirchen.de\/index.php\/wp-json\/wp\/v2\/tribe_events_cat?post=2087"}],"curies":[{"name":"wp","href":"https:\/\/api.w.org\/{rel}","templated":true}]}}

<div  class="tribe-events-schedule tribe-clearfix" >
	<p class="tribe-events-schedule__datetime">
		<span class="tribe-events-schedule__date tribe-events-schedule__date--start">
			19. Juni 2025		</span>

					<span class="tribe-events-schedule__separator tribe-events-schedule__separator--date">
				 | 			</span>
			<span class="tribe-events-schedule__time tribe-events-schedule__time--start">
				8:00			</span>
		
									<span class="tribe-events-schedule__separator tribe-events-schedule__separator--time">
					 &#8211; 				</span>
			
							<span class="tribe-events-schedule__time tribe-events-schedule__time--end">
					23:30				</span>
			
						</p>
</div>



<p>8.00 UHR EUCHARISTIEFEIER UND PROZESSION</p>



<p>anschließend am Pfarrgemeindehaus FRÜHSCHOPPEN</p>



<p>AB 15.00 UHR PFARRFEST</p>



<p>Wir verwöhnen Sie mit Kaffee und Kuchen, Bratwürsten mit Beilagen und Getränken.</p>



<p>Wie jedes Jahr bitten wir wieder um Kuchenspenden, die ab 13.00 Uhr im Pfarrgemeindehaus Adolph Kolping abgegeben werden können.</p>



<figure class="wp-block-image size-large"><img loading="lazy" decoding="async" width="723" height="1024" src="https://www.kolpingsfamilie-neunkirchen.de/wp-content/uploads/2025/06/Plakat-Pfarrfest-2025-723x1024.jpg" alt="" class="wp-image-2088" srcset="https://www.kolpingsfamilie-neunkirchen.de/wp-content/uploads/2025/06/Plakat-Pfarrfest-2025-723x1024.jpg 723w, https://www.kolpingsfamilie-neunkirchen.de/wp-content/uploads/2025/06/Plakat-Pfarrfest-2025-212x300.jpg 212w, https://www.kolpingsfamilie-neunkirchen.de/wp-content/uploads/2025/06/Plakat-Pfarrfest-2025.jpg 763w" sizes="auto, (max-width: 723px) 100vw, 723px" /></figure>


<div  class="tribe-block tribe-block__event-price" >
		</div>




<div  class="tribe-block tribe-block__venue tribe-clearfix" >
	
		
	</div>




	<div  class="tribe-block tribe-block__events-link" >
		<div class="tribe-events tribe-common">
			<div class="tribe-events-c-subscribe-dropdown__container">
				<div class="tribe-events-c-subscribe-dropdown">
					<div class="tribe-common-c-btn-border tribe-events-c-subscribe-dropdown__button">
						<svg
	 class="tribe-common-c-svgicon tribe-common-c-svgicon--cal-export tribe-events-c-subscribe-dropdown__export-icon" 	aria-hidden="true"
	viewBox="0 0 23 17"
	xmlns="http://www.w3.org/2000/svg"
>
	<path fill-rule="evenodd" clip-rule="evenodd" d="M.128.896V16.13c0 .211.145.383.323.383h15.354c.179 0 .323-.172.323-.383V.896c0-.212-.144-.383-.323-.383H.451C.273.513.128.684.128.896Zm16 6.742h-.901V4.679H1.009v10.729h14.218v-3.336h.901V7.638ZM1.01 1.614h14.218v2.058H1.009V1.614Z" />
	<path d="M20.5 9.846H8.312M18.524 6.953l2.89 2.909-2.855 2.855" stroke-width="1.2" stroke-linecap="round" stroke-linejoin="round"/>
</svg>
						<button
							class="tribe-events-c-subscribe-dropdown__button-text"
							aria-expanded="false"
							aria-controls="tribe-events-subscribe-dropdown-content"
							aria-label="Zeige Links an um Veranstaltungen zu deinem Kalender hinzuzufügen"
						>
							Zum Kalender hinzufügen						</button>
						<svg
	 class="tribe-common-c-svgicon tribe-common-c-svgicon--caret-down tribe-events-c-subscribe-dropdown__button-icon" 	aria-hidden="true"
	viewBox="0 0 10 7"
	xmlns="http://www.w3.org/2000/svg"
>
	<path fill-rule="evenodd" clip-rule="evenodd" d="M1.008.609L5 4.6 8.992.61l.958.958L5 6.517.05 1.566l.958-.958z" class="tribe-common-c-svgicon__svg-fill"/>
</svg>
					</div>
					<div id="tribe-events-subscribe-dropdown-content" class="tribe-events-c-subscribe-dropdown__content">
						<ul class="tribe-events-c-subscribe-dropdown__list">
															<li class="tribe-events-c-subscribe-dropdown__list-item tribe-events-c-subscribe-dropdown__list-item--gcal">
									<a
										href="https://www.google.com/calendar/event?action=TEMPLATE&#038;dates=20250619T080000/20250619T233000&#038;text=Pfarrfest&#038;details=%3Cp%3E8.00+UHR+EUCHARISTIEFEIER+UND+PROZESSION%3C%2Fp%3E+%3Cp%3Eanschlie%C3%9Fend+am+Pfarrgemeindehaus+FR%C3%9CHSCHOPPEN%3C%2Fp%3E+%3Cp%3EAB+15.00+UHR+PFARRFEST%3C%2Fp%3E+%3Cp%3EWir+verw%C3%B6hnen+Sie+mit+Kaffee+und+Kuchen%2C+Bratw%C3%BCrsten+mit+Beilagen+und+Getr%C3%A4nken.%3C%2Fp%3E+%3Cp%3EWie+jedes+Jahr+bitten+wir+wieder+um+Kuchenspenden%2C+die+ab+13.00+Uhr+im+Pfarrgemeindehaus+Adolph+Kolping+abgegeben+werden+k%C3%B6nnen.%3C%2Fp%3E+%3Cfigure+class%3D%22wp-block-image+size-large%22%3E%3Cimg+src%3D%22https%3A%2F%2Fwww.kolpingsfamilie-neunkirchen.de%2Fwp-content%2Fuploads%2F2025%2F06%2FPlakat-Pfarrfest-2025-723x1024.jpg%22+alt%3D%22%22+class%3D%22wp-image-2088%22%2F%3E%3C%2Ffigure%3E&#038;trp=false&#038;ctz=Europe/Berlin&#038;sprop=website:https://www.kolpingsfamilie-neunkirchen.de"
										class="tribe-events-c-subscribe-dropdown__list-item-link"
										target="_blank"
										rel="noopener noreferrer nofollow noindex"
									>
										Google Kalender									</a>
								</li>
															<li class="tribe-events-c-subscribe-dropdown__list-item tribe-events-c-subscribe-dropdown__list-item--ical">
									<a
										href=""
										class="tribe-events-c-subscribe-dropdown__list-item-link"
										target="_blank"
										rel="noopener noreferrer nofollow noindex"
									>
										iCalendar									</a>
								</li>
															<li class="tribe-events-c-subscribe-dropdown__list-item tribe-events-c-subscribe-dropdown__list-item--outlook-365">
									<a
										href=""
										class="tribe-events-c-subscribe-dropdown__list-item-link"
										target="_blank"
										rel="noopener noreferrer nofollow noindex"
									>
										Outlook 365									</a>
								</li>
															<li class="tribe-events-c-subscribe-dropdown__list-item tribe-events-c-subscribe-dropdown__list-item--outlook-live">
									<a
										href=""
										class="tribe-events-c-subscribe-dropdown__list-item-link"
										target="_blank"
										rel="noopener noreferrer nofollow noindex"
									>
										Outlook Live									</a>
								</li>
													</ul>
					</div>
				</div>
			</div>
		</div>
	</div>

<p>8.00 UHR EUCHARISTIEFEIER UND PROZESSION anschließend am Pfarrgemeindehaus FRÜHSCHOPPEN AB 15.00 UHR PFARRFEST Wir verwöhnen Sie mit Kaffee und Kuchen, Bratwürsten mit Beilagen und Getränken. Wie jedes Jahr bitten wir [&hellip;]</p>

8.00 UHR EUCHARISTIEFEIER UND PROZESSION anschließend am Pfarrgemeindehaus FRÜHSCHOPPEN AB 15.00 UHR PFARRFEST Wir verwöhnen Sie mit Kaffee und Kuchen, Bratwürsten mit Beilagen und Getränken. Wie jedes Jahr bitten wir [&hellip;]
